{"id":3428,"date":"2025-03-25T15:20:47","date_gmt":"2025-03-25T15:20:47","guid":{"rendered":"https:\/\/africansecuritynetwork.org\/HSGO4\/?page_id=3428"},"modified":"2025-05-27T18:37:21","modified_gmt":"2025-05-27T18:37:21","slug":"rdc-differentes-communautes-ethno-linguistiques","status":"publish","type":"page","link":"https:\/\/africansecuritynetwork.org\/HSGO4\/index.php\/rdc-differentes-communautes-ethno-linguistiques\/","title":{"rendered":"RDC diff\u00e9rentes communaut\u00e9s ethno-linguistiques"},"content":{"rendered":"\t\t<div data-elementor-type=\"wp-page\" data-elementor-id=\"3428\" class=\"elementor elementor-3428\" data-elementor-post-type=\"page\">\n\t\t\t\t<div class=\"elementor-element elementor-element-180f65c e-flex e-con-boxed e-con e-parent\" data-id=\"180f65c\" data-element_type=\"container\">\n\t\t\t\t\t<div class=\"e-con-inner\">\n\t\t<div class=\"elementor-element elementor-element-6c0982a e-con-full e-flex e-con e-child\" data-id=\"6c0982a\" data-element_type=\"container\">\n\t\t\t\t<div class=\"elementor-element elementor-element-93755e4 elementor-widget elementor-widget-text-editor\" data-id=\"93755e4\" data-element_type=\"widget\" data-widget_type=\"text-editor.default\">\n\t\t\t\t\t\t\t\t\t<h5 class=\"p1\"><strong>Les Diff\u00e9rentes Communaut\u00e9s Ethno-Linguistes<\/strong><\/h5>\t\t\t\t\t\t\t\t<\/div>\n\t\t\t\t<div class=\"elementor-element elementor-element-11a611d elementor-widget elementor-widget-text-editor\" data-id=\"11a611d\" data-element_type=\"widget\" data-widget_type=\"text-editor.default\">\n\t\t\t\t\t\t\t\t\t<p class=\"p2\">La richesse ethnolinguistique de la RDC repr\u00e9sente un patrimoine culturel inestimable. Sa gestion \u00e9quilibr\u00e9e est cruciale pour le d\u00e9veloppement harmonieux et la stabilit\u00e9 du pays. La R\u00e9publique D\u00e9mocratique du Congo (RDC) est un pays extr\u00eamement diversifi\u00e9, tant sur le plan des communaut\u00e9s que linguistique. On y d\u00e9nombre plus de 250 communaut\u00e9s r\u00e9partis sur une vaste \u00e9tendue g\u00e9ographique. Cette diversit\u00e9 est marqu\u00e9e par la pr\u00e9sence d&#8217;une multitude de langues et dialectes, bien que plusieurs langues principales jouent un r\u00f4le pr\u00e9pond\u00e9rant dans la communication et la culture nationale. \u00a0<\/p><h5 class=\"p1\"><b>Les quatre langues nationales\u00a0<\/b><\/h5><p class=\"p2\">La RDC reconna\u00eet quatre langues nationales principales qui, bien qu&#8217;elles ne soient pas les langues officielles (le fran\u00e7ais \u00e9tant la langue officielle), servent d\u2019outils de communication dans diff\u00e9rentes r\u00e9gions du pays. Ces langues sont li\u00e9es \u00e0 certaines communaut\u00e9s dominantes : \u00a0<\/p><p class=\"p2\">Lingala : Originaire de la r\u00e9gion de l&#8217;\u00c9quateur, cette langue bantu est associ\u00e9e historiquement aux peuples Ngala, mais elle a \u00e9t\u00e9 adopt\u00e9e et largement diffus\u00e9e, notamment \u00e0 travers l&#8217;arm\u00e9e et les m\u00e9dias. Elle est aujourd&#8217;hui largement parl\u00e9e \u00e0 Kinshasa, la capitale, et dans les provinces du nord et du nord-ouest du pays.\u00a0<\/p><p class=\"p2\">Kikongo (ou Kikongo ya Leta) : Langue des peuples Bakongo, le Kikongo est principalement parl\u00e9 dans les provinces du Kongo-Central, ainsi que dans certaines r\u00e9gions de l&#8217;ouest de la RDC. Cette langue est intimement li\u00e9e \u00e0 l&#8217;histoire du royaume Kongo, un ancien empire puissant qui englobait une partie de l&#8217;actuelle RDC, de l&#8217;Angola et du Congo-Brazzaville.<\/p><p class=\"p2\">\u00a0Swahili : Langue v\u00e9hiculaire dans l&#8217;est et le sud-est de la RDC, elle est utilis\u00e9e par les groupes tels que les Bembe, Shi, Hutu, et autres communaut\u00e9s de l&#8217;est. C&#8217;est une langue de communication tr\u00e8s importante dans les \u00e9changes commerciaux, en particulier dans des villes comme Goma, Bukavu, et Lubumbashi. Elle est aussi influenc\u00e9e par le Kiswahili d&#8217;Afrique de l&#8217;Est.<\/p><p class=\"p2\">Tshiluba : Langue des Luba, l&#8217;un des plus grands groupes ethniques de la RDC. Elle est surtout parl\u00e9e dans les provinces du Kasa\u00ef oriental et occidental. Cette langue refl\u00e8te l\u2019influence culturelle des royaumes Luba qui ont jou\u00e9 un r\u00f4le historique dans la r\u00e9gion.\u00a0<\/p><h5 class=\"p1\"><b>Principales communaut\u00e9s \u00a0<\/b><\/h5><p class=\"p2\">\u00a0Les communaut\u00e9s en RDC sont souvent class\u00e9es en grandes famille linguistiques, et certaines des plus importantes incluent :<\/p><p class=\"p2\">Les Bantu : Il s&#8217;agit de la plus grande famille linguistique du pays. Elle comprend plusieurs sous-groupes :<\/p><p class=\"p2\">Les Luba : Essentiellement situ\u00e9s dans les provinces du Kasa\u00ef et du Katanga. Ils sont connus pour leur organisation sociale avanc\u00e9e et l&#8217;influence historique du Royaume Luba.<\/p><p class=\"p2\">Les Kongo : Peuple du Kongo-Central, ayant jou\u00e9 un r\u00f4le central dans l&#8217;histoire pr\u00e9coloniale avec le Royaume du Kongo.<\/p><p class=\"p2\">Les Mongo : Concentr\u00e9s dans la r\u00e9gion de l\u2019\u00c9quateur, ils sont l\u2019un des groupes les plus nombreux du pays, avec de nombreuses sous-branches ethniques.<\/p><p class=\"p2\">Les Havu, Shi et autres groupes du Sud-Kivu : Situ\u00e9s \u00e0 l&#8217;est du pays, notamment dans les provinces du Sud-Kivu et du Nord-Kivu.<\/p><h5><b>Les Nilotiques et Soudanais :<\/b><\/h5><p class=\"p2\">Ils sont principalement localis\u00e9s dans la partie nord-est du pays, notamment dans les provinces comme le Haut-Uele et l&#8217;Ituri. Parmi eux, on trouve les Alur, Lugbara, Mangbetu, et d&#8217;autres groupes plus petits.<\/p><h5 class=\"p1\"><strong>Les Pygm\u00e9es (Aka, Mbuti et Twa) :<\/strong><\/h5><p class=\"p2\">Ce sont des peuples autochtones de la for\u00eat \u00e9quatoriale, souvent marginalis\u00e9s. Ils vivent principalement de la chasse et de la cueillette, dans des r\u00e9gions comme les for\u00eats de l&#8217;\u00c9quateur et de l&#8217;Ituri. Leur langue est diff\u00e9rente des langues bantoues majoritaires, et leurs pratiques culturelles sont sp\u00e9cifiques \u00e0 leur mode de vie traditionnel en for\u00eat.<\/p>\t\t\t\t\t\t\t\t<\/div>\n\t\t\t\t<\/div>\n\t\t\t\t\t<\/div>\n\t\t\t\t<\/div>\n\t\t<div class=\"elementor-element elementor-element-acae8d1 e-flex e-con-boxed e-con e-parent\" data-id=\"acae8d1\" data-element_type=\"container\">\n\t\t\t\t\t<div class=\"e-con-inner\">\n\t\t\t\t<div class=\"elementor-element elementor-element-9bebb82 elementor-fixed elementor-view-default elementor-widget elementor-widget-icon\" data-id=\"9bebb82\" data-element_type=\"widget\" data-settings=\"{&quot;_position&quot;:&quot;fixed&quot;}\" data-widget_type=\"icon.default\">\n\t\t\t\t\t\t\t<div class=\"elementor-icon-wrapper\">\n\t\t\t<a class=\"elementor-icon\" href=\"#header\">\n\t\t\t<svg aria-hidden=\"true\" class=\"e-font-icon-svg e-fas-arrow-alt-circle-up\" viewBox=\"0 0 512 512\" xmlns=\"http:\/\/www.w3.org\/2000\/svg\"><path d=\"M8 256C8 119 119 8 256 8s248 111 248 248-111 248-248 248S8 393 8 256zm292 116V256h70.9c10.7 0 16.1-13 8.5-20.5L264.5 121.2c-4.7-4.7-12.2-4.7-16.9 0l-115 114.3c-7.6 7.6-2.2 20.5 8.5 20.5H212v116c0 6.6 5.4 12 12 12h64c6.6 0 12-5.4 12-12z\"><\/path><\/svg>\t\t\t<\/a>\n\t\t<\/div>\n\t\t\t\t\t\t<\/div>\n\t\t\t\t\t<\/div>\n\t\t\t\t<\/div>\n\t\t\t\t<\/div>\n\t\t","protected":false},"excerpt":{"rendered":"<p>Les Diff\u00e9rentes Communaut\u00e9s Ethno-Linguistes La richesse ethnolinguistique de la RDC repr\u00e9sente un patrimoine culturel inestimable. Sa gestion \u00e9quilibr\u00e9e est cruciale pour le d\u00e9veloppement harmonieux et la stabilit\u00e9 du pays. La R\u00e9publique D\u00e9mocratique du Congo (RDC) est un pays extr\u00eamement diversifi\u00e9, tant sur le plan des communaut\u00e9s que linguistique. On y d\u00e9nombre plus de 250 communaut\u00e9s [&hellip;]<\/p>\n","protected":false},"author":1,"featured_media":0,"parent":0,"menu_order":0,"comment_status":"closed","ping_status":"closed","template":"elementor_header_footer","meta":{"footnotes":""},"class_list":["post-3428","page","type-page","status-publish","hentry"],"aioseo_notices":[],"_links":{"self":[{"href":"https:\/\/africansecuritynetwork.org\/HSGO4\/index.php\/wp-json\/wp\/v2\/pages\/3428","targetHints":{"allow":["GET"]}}],"collection":[{"href":"https:\/\/africansecuritynetwork.org\/HSGO4\/index.php\/wp-json\/wp\/v2\/pages"}],"about":[{"href":"https:\/\/africansecuritynetwork.org\/HSGO4\/index.php\/wp-json\/wp\/v2\/types\/page"}],"author":[{"embeddable":true,"href":"https:\/\/africansecuritynetwork.org\/HSGO4\/index.php\/wp-json\/wp\/v2\/users\/1"}],"replies":[{"embeddable":true,"href":"https:\/\/africansecuritynetwork.org\/HSGO4\/index.php\/wp-json\/wp\/v2\/comments?post=3428"}],"version-history":[{"count":13,"href":"https:\/\/africansecuritynetwork.org\/HSGO4\/index.php\/wp-json\/wp\/v2\/pages\/3428\/revisions"}],"predecessor-version":[{"id":3669,"href":"https:\/\/africansecuritynetwork.org\/HSGO4\/index.php\/wp-json\/wp\/v2\/pages\/3428\/revisions\/3669"}],"wp:attachment":[{"href":"https:\/\/africansecuritynetwork.org\/HSGO4\/index.php\/wp-json\/wp\/v2\/media?parent=3428"}],"curies":[{"name":"wp","href":"https:\/\/api.w.org\/{rel}","templated":true}]}}