{"id":3420,"date":"2025-03-25T15:10:58","date_gmt":"2025-03-25T15:10:58","guid":{"rendered":"https:\/\/africansecuritynetwork.org\/HSGO4\/?page_id=3420"},"modified":"2025-05-27T18:35:34","modified_gmt":"2025-05-27T18:35:34","slug":"rdc-principales-regions-affectees","status":"publish","type":"page","link":"https:\/\/africansecuritynetwork.org\/HSGO4\/index.php\/rdc-principales-regions-affectees\/","title":{"rendered":"RDC principales r\u00e9gions affect\u00e9es"},"content":{"rendered":"\t\t<div data-elementor-type=\"wp-page\" data-elementor-id=\"3420\" class=\"elementor elementor-3420\" data-elementor-post-type=\"page\">\n\t\t\t\t<div class=\"elementor-element elementor-element-c1cdeac e-flex e-con-boxed e-con e-parent\" data-id=\"c1cdeac\" data-element_type=\"container\">\n\t\t\t\t\t<div class=\"e-con-inner\">\n\t\t\t\t<div class=\"elementor-element elementor-element-2666cf5 elementor-widget elementor-widget-text-editor\" data-id=\"2666cf5\" data-element_type=\"widget\" data-widget_type=\"text-editor.default\">\n\t\t\t\t\t\t\t\t\t<h5><strong>Principales r\u00e9gions affect\u00e9es par l\u2019ins\u00e9curit\u00e9<\/strong><\/h5>\t\t\t\t\t\t\t\t<\/div>\n\t\t\t\t\t<\/div>\n\t\t\t\t<\/div>\n\t\t<div class=\"elementor-element elementor-element-180f65c e-flex e-con-boxed e-con e-parent\" data-id=\"180f65c\" data-element_type=\"container\">\n\t\t\t\t\t<div class=\"e-con-inner\">\n\t\t<div class=\"elementor-element elementor-element-92d11dd e-con-full e-flex e-con e-child\" data-id=\"92d11dd\" data-element_type=\"container\">\n\t\t\t\t<div class=\"elementor-element elementor-element-d910032 elementor-widget elementor-widget-text-editor\" data-id=\"d910032\" data-element_type=\"widget\" data-widget_type=\"text-editor.default\">\n\t\t\t\t\t\t\t\t\t<p class=\"p1\">La R\u00e9publique d\u00e9mocratique du Congo s&#8217;\u00e9tend de<a href=\"https:\/\/fr.wikipedia.org\/wiki\/Oc%C3%A9an_Atlantique\"><span class=\"s1\">\u00a0l&#8217;Oc\u00e9an Atlantique<\/span><\/a>\u00a0au plateau de l&#8217;Est, et correspond \u00e0 la majeure partie du bassin du\u00a0<a href=\"https:\/\/fr.wikipedia.org\/wiki\/Congo_(fleuve)\"><span class=\"s1\">fleuve Congo<\/span><\/a>, v\u00e9ritable colonne vert\u00e9brale du pays. Elle a une superficie de 2.345.409 km2 et passe pour le deuxi\u00e8me pays le plus vaste\u00a0<a href=\"https:\/\/fr.wikipedia.org\/wiki\/Pays\"><span class=\"s1\">pays<\/span><\/a>\u00a0<a href=\"https:\/\/fr.wikipedia.org\/wiki\/Afrique\"><span class=\"s1\">d&#8217;Afrique<\/span><\/a>, apr\u00e8s\u00a0<a href=\"https:\/\/fr.wikipedia.org\/wiki\/Alg%C3%A9rie\"><span class=\"s1\">l&#8217;Alg\u00e9rie<\/span><\/a>. Il s&#8217;\u00e9tend de\u00a0<a href=\"https:\/\/fr.wikipedia.org\/wiki\/Oc%C3%A9an_Atlantique\"><span class=\"s1\">l&#8217;oc\u00e9an Atlantique<\/span><\/a>\u00a0au plateau de l&#8217;Est et correspond \u00e0 la majeure partie du bassin du\u00a0<a href=\"https:\/\/fr.wikipedia.org\/wiki\/Congo_(fleuve)\"><span class=\"s1\">fleuve Congo<\/span><\/a>. Le Nord du pays est un des plus grands domaines de for\u00eat \u00e9quatoriale au monde, l\u2019Est du pays borde le\u00a0<a href=\"https:\/\/fr.wikipedia.org\/wiki\/Vall%C3%A9e_du_Grand_Rift\"><span class=\"s1\">grand rift est-africain<\/span><\/a>, domaine des montagnes, des collines, des\u00a0<a href=\"https:\/\/fr.wikipedia.org\/wiki\/Grands_Lacs_(Afrique)\"><span class=\"s1\">Grands Lacs<\/span><\/a>\u00a0d\u2019Afrique mais aussi des volcans.<\/p><p class=\"p2\"><span class=\"s1\"><a href=\"https:\/\/fr.wikipedia.org\/wiki\/Congo_(fleuve)\">Le Fleuve Congo<\/a><\/span>\u00a0donne au pays son seul acc\u00e8s \u00e0\u00a0<a href=\"https:\/\/fr.wikipedia.org\/wiki\/Oc%C3%A9an_Atlantique\"><span class=\"s1\">l&#8217;oc\u00e9an Atlantique<\/span><\/a>\u00a0dans la ville portuaire de Banana\u00a0<\/p><p class=\"p2\">Depuis juin 2015, la R\u00e9publique d\u00e9mocratique du Congo est pass\u00e9e de onze [11] \u00e0 vingt-six\u00a0<a href=\"https:\/\/fr.wikipedia.org\/wiki\/Provinces_de_la_R%C3%A9publique_d%C3%A9mocratique_du_Congo\"><span class=\"s1\">provinces<\/span><\/a>\u00a0[26]. Il s\u2019agit de :<\/p>\t\t\t\t\t\t\t\t<\/div>\n\t\t\t\t<div class=\"elementor-element elementor-element-3e889f4 elementor-widget elementor-widget-image\" data-id=\"3e889f4\" data-element_type=\"widget\" data-widget_type=\"image.default\">\n\t\t\t\t\t\t\t\t\t\t\t\t\t\t\t<img fetchpriority=\"high\" decoding=\"async\" width=\"800\" height=\"934\" src=\"https:\/\/africansecuritynetwork.org\/HSGO4\/wp-content\/uploads\/2024\/12\/principale-877x1024.png\" class=\"attachment-large size-large wp-image-789\" alt=\"\" srcset=\"https:\/\/africansecuritynetwork.org\/HSGO4\/wp-content\/uploads\/2024\/12\/principale-877x1024.png 877w, https:\/\/africansecuritynetwork.org\/HSGO4\/wp-content\/uploads\/2024\/12\/principale-257x300.png 257w, https:\/\/africansecuritynetwork.org\/HSGO4\/wp-content\/uploads\/2024\/12\/principale-768x896.png 768w, https:\/\/africansecuritynetwork.org\/HSGO4\/wp-content\/uploads\/2024\/12\/principale.png 1040w\" sizes=\"(max-width: 800px) 100vw, 800px\" \/>\t\t\t\t\t\t\t\t\t\t\t\t\t\t\t<\/div>\n\t\t\t\t<div class=\"elementor-element elementor-element-eb097c7 elementor-widget elementor-widget-text-editor\" data-id=\"eb097c7\" data-element_type=\"widget\" data-widget_type=\"text-editor.default\">\n\t\t\t\t\t\t\t\t\t<p class=\"TX_Lato_150\">La partie orientale de la R\u00e9publique d\u00e9mocratique du Congo comprend trois provinces (Nord Kivu, Sud Kivu et Ituri). Lesdites provinces sont en proie \u00e0 l\u2019ins\u00e9curit\u00e9 devenue r\u00e9currente sont assi\u00e9g\u00e9es par un nombre important des groupes arm\u00e9s nationaux et \u00e9trangers qui s\u2019adonnent \u00e0 l\u2019exploitation irr\u00e9guli\u00e8re des ressources mini\u00e8res pr\u00e9sentes sur le sol congolais.<\/p><p class=\"TX_Lato_150\">Les violations des\u00a0<a href=\"https:\/\/fr.wikipedia.org\/wiki\/Droits_de_l%27homme\">droits de l&#8217;homme<\/a>, \u2013 r\u00e9sultat des conflits arm\u00e9s \u2013 en particulier des enfants et des femmes, ont eu des r\u00e9percussions tr\u00e8s profondes au sein des populations. Ainsi, en\u00a0<a href=\"https:\/\/fr.wikipedia.org\/wiki\/2002\">2002,<\/a>\u00a080 % de la population vivait en dessous du\u00a0<a href=\"https:\/\/fr.wikipedia.org\/wiki\/Seuil_de_pauvret%C3%A9\">seuil de pauvret\u00e9<\/a>\u00a0fix\u00e9 \u00e0 2 $ par jour et, en\u00a0<a href=\"https:\/\/fr.wikipedia.org\/wiki\/2013\">2013<\/a>, c&#8217;est 87,7 % de la population qui vit en dessous du\u00a0<a href=\"https:\/\/fr.wikipedia.org\/wiki\/Seuil_de_pauvret%C3%A9\">seuil de pauvret\u00e9<\/a>\u00a0fix\u00e9 \u00e0 1,25 $ par jour. Pr\u00e8s de 44 % des femmes et environ 22 % des hommes n\u2019ont aucun revenu. \u00a0<\/p><p class=\"TX_Lato_150\" style=\"text-align: left;\">\u00a0Les disparit\u00e9s r\u00e9gionales sont tr\u00e8s fortes : les populations de l\u2019Est du pays vivaient en moyenne avec 32 dollars par an et par habitant alors que celles du Sud disposaient de 138 dollars et celles de la province de\u00a0<a href=\"https:\/\/fr.wikipedia.org\/wiki\/Kinshasa\">Kinshasa<\/a>\u00a0de 323 dollars &#8211; dix fois plus qu\u2019\u00e0 l\u2019est. La\u00a0<a href=\"https:\/\/fr.wikipedia.org\/wiki\/Pauvret%C3%A9\">pauvret\u00e9<\/a>\u00a0se manifeste aussi par la\u00a0<a href=\"https:\/\/fr.wikipedia.org\/wiki\/Malnutrition\">malnutrition<\/a>\u00a0qui touche entre 30 et 50 % des femmes et des enfants. Au total, 16 millions de personnes sont en situation d\u2019ins\u00e9curit\u00e9 alimentaire. Cette situation a engendr\u00e9 la formation de nombreux groupes vuln\u00e9rables (r\u00e9fugi\u00e9s, orphelins, enfants d\u00e9scolaris\u00e9s ou enfants soldats) qui manquent de soins et de nourriture<\/p>\t\t\t\t\t\t\t\t<\/div>\n\t\t\t\t<div class=\"elementor-element elementor-element-7040d5e elementor-widget-divider--view-line elementor-widget elementor-widget-divider\" data-id=\"7040d5e\" data-element_type=\"widget\" data-widget_type=\"divider.default\">\n\t\t\t\t\t\t\t<div class=\"elementor-divider\">\n\t\t\t<span class=\"elementor-divider-separator\">\n\t\t\t\t\t\t<\/span>\n\t\t<\/div>\n\t\t\t\t\t\t<\/div>\n\t\t\t\t<\/div>\n\t\t\t\t\t<\/div>\n\t\t\t\t<\/div>\n\t\t<div class=\"elementor-element elementor-element-acae8d1 e-flex e-con-boxed e-con e-parent\" data-id=\"acae8d1\" data-element_type=\"container\">\n\t\t\t\t\t<div class=\"e-con-inner\">\n\t\t\t\t<div class=\"elementor-element elementor-element-9bebb82 elementor-fixed elementor-view-default elementor-widget elementor-widget-icon\" data-id=\"9bebb82\" data-element_type=\"widget\" data-settings=\"{&quot;_position&quot;:&quot;fixed&quot;}\" data-widget_type=\"icon.default\">\n\t\t\t\t\t\t\t<div class=\"elementor-icon-wrapper\">\n\t\t\t<a class=\"elementor-icon\" href=\"#header\">\n\t\t\t<svg aria-hidden=\"true\" class=\"e-font-icon-svg e-fas-arrow-alt-circle-up\" viewBox=\"0 0 512 512\" xmlns=\"http:\/\/www.w3.org\/2000\/svg\"><path d=\"M8 256C8 119 119 8 256 8s248 111 248 248-111 248-248 248S8 393 8 256zm292 116V256h70.9c10.7 0 16.1-13 8.5-20.5L264.5 121.2c-4.7-4.7-12.2-4.7-16.9 0l-115 114.3c-7.6 7.6-2.2 20.5 8.5 20.5H212v116c0 6.6 5.4 12 12 12h64c6.6 0 12-5.4 12-12z\"><\/path><\/svg>\t\t\t<\/a>\n\t\t<\/div>\n\t\t\t\t\t\t<\/div>\n\t\t\t\t\t<\/div>\n\t\t\t\t<\/div>\n\t\t\t\t<\/div>\n\t\t","protected":false},"excerpt":{"rendered":"<p>Principales r\u00e9gions affect\u00e9es par l\u2019ins\u00e9curit\u00e9 La R\u00e9publique d\u00e9mocratique du Congo s&#8217;\u00e9tend de\u00a0l&#8217;Oc\u00e9an Atlantique\u00a0au plateau de l&#8217;Est, et correspond \u00e0 la majeure partie du bassin du\u00a0fleuve Congo, v\u00e9ritable colonne vert\u00e9brale du pays. Elle a une superficie de 2.345.409 km2 et passe pour le deuxi\u00e8me pays le plus vaste\u00a0pays\u00a0d&#8217;Afrique, apr\u00e8s\u00a0l&#8217;Alg\u00e9rie. Il s&#8217;\u00e9tend de\u00a0l&#8217;oc\u00e9an Atlantique\u00a0au plateau de l&#8217;Est [&hellip;]<\/p>\n","protected":false},"author":1,"featured_media":0,"parent":0,"menu_order":0,"comment_status":"closed","ping_status":"closed","template":"elementor_header_footer","meta":{"footnotes":""},"class_list":["post-3420","page","type-page","status-publish","hentry"],"aioseo_notices":[],"_links":{"self":[{"href":"https:\/\/africansecuritynetwork.org\/HSGO4\/index.php\/wp-json\/wp\/v2\/pages\/3420","targetHints":{"allow":["GET"]}}],"collection":[{"href":"https:\/\/africansecuritynetwork.org\/HSGO4\/index.php\/wp-json\/wp\/v2\/pages"}],"about":[{"href":"https:\/\/africansecuritynetwork.org\/HSGO4\/index.php\/wp-json\/wp\/v2\/types\/page"}],"author":[{"embeddable":true,"href":"https:\/\/africansecuritynetwork.org\/HSGO4\/index.php\/wp-json\/wp\/v2\/users\/1"}],"replies":[{"embeddable":true,"href":"https:\/\/africansecuritynetwork.org\/HSGO4\/index.php\/wp-json\/wp\/v2\/comments?post=3420"}],"version-history":[{"count":10,"href":"https:\/\/africansecuritynetwork.org\/HSGO4\/index.php\/wp-json\/wp\/v2\/pages\/3420\/revisions"}],"predecessor-version":[{"id":3666,"href":"https:\/\/africansecuritynetwork.org\/HSGO4\/index.php\/wp-json\/wp\/v2\/pages\/3420\/revisions\/3666"}],"wp:attachment":[{"href":"https:\/\/africansecuritynetwork.org\/HSGO4\/index.php\/wp-json\/wp\/v2\/media?parent=3420"}],"curies":[{"name":"wp","href":"https:\/\/api.w.org\/{rel}","templated":true}]}}